e the remainder when 1331 is divided by 9.
8
Calculate the remainder when 305 is divided by 6.
5
Calculate the remainder when 335 is divided by 38.
31
What is the remainder when 295 is divided by 101?
93
What is the remainder when 1196 is divided by 20?
16
What is the remainder when 1655 is divided by 128?
119
What is the remainder when 1133 is divided by 21?
20
What is the remainder when 1203 is divided by 67?
64
What is the remainder when 18191 is divided by 40?
31
Calculate the remainder when 1897 is divided by 127.
119
What is the remainder when 342 is divided by 110?
12
What is the remainder when 1187 is divided by 35?
32
What is the remainder when 13247 is divided by 48?
47
Calculate the remainder when 3323 is divided by 35.
33
What is the remainder when 198 is divided by 29?
24
Calculate the remainder when 1170 is divided by 235.
230
What is the remainder when 146 is divided by 63?
20
What is the remainder when 440 is divided by 34?
32
Calculate the remainder when 356 is divided by 180.
176
What is the remainder when 930 is divided by 115?
10
Calculate the remainder when 235 is divided by 17.
14
Calculate the remainder when 222 is divided by 16.
14
Calculate the remainder when 45 is divided by 9.
0
Calculate the remainder when 727 is divided by 51.
13
Calculate the remainder when 277 is divided by 71.
64
Calculate the remainder when 16493 is divided by 4.
1
Calculate the remainder when 390 is divided by 14.
12
Calculate the remainder when 794 is divided by 47.
42
Calculate the remainder when 385 is divided by 210.
175
Calculate the remainder when 64 is divided by 18.
10
What is the remainder when 921 is divided by 576?
345
Calculate the remainder when 404 is divided by 397.
7
Calculate the remainder when 2327 is divided by 12.
11
Calculate the remainder when 447 is divided by 93.
75
Calculate the remainder when 377 is divided by 54.
53
Calculate the remainder when 3783 is divided by 22.
21
Calculate the remainder when 1275 is divided by 40.
35
What is the remainder when 1088 is divided by 44?
32
Calculate the remainder when 1517 is divided by 253.
252
What is the remainder when 344 is divided by 14?
8
Calculate the remainder when 331 is divided by 20.
11
What is the remainder when 175 is divided by 15?
10
Calculate the remainder when 5346 is divided by 82.
16
What is the remainder when 4280 is divided by 4269?
11
What is the remainder when 51 is divided by 13?
12
What is the remainder when 165 is divided by 5?
0
What is the remainder when 4652 is divided by 33?
32
What is the remainder when 168 is divided by 152?
16
Calculate the remainder when 104 is divided by 21.
20
Calculate the remainder when 83 is divided by 12.
11
What is the remainder when 3366 is divided by 259?
258
Calculate the remainder when 732 is divided by 25.
7
What is the remainder when 145 is divided by 25?
20
Calculate the remainder when 162 is divided by 112.
50
Calculate the remainder when 856 is divided by 111.
79
What is the remainder when 801 is divided by 161?
157
Calculate the remainder when 1774 is divided by 203.
150
Calculate the remainder when 89 is divided by 44.
1
What is the remainder when 857 is divided by 43?
40
Calculate the remainder when 455 is divided by 84.
35
What is the remainder when 58 is divided by 52?
6
What is the remainder when 895 is divided by 298?
1
What is the remainder when 9 is divided by 2?
1
What is the remainder when 1279 is divided by 260?
239
What is the remainder when 675 is divided by 13?
12
Calculate the remainder when 384 is divided by 17.
10
What is the remainder when 792 is divided by 98?
8
Calculate the remainder when 64 is divided by 18.
10
Calculate the remainder when 119 is divided by 19.
5
Calculate the remainder when 1092 is divided by 287.
231
What is the remainder when 803 is divided by 17?
4
Calculate the remainder when 816 is divided by 199.
20
Calculate the remainder when 245 is divided by 12.
5
What is the remainder when 747 is divided by 6?
3
What is the remainder when 47 is divided by 15?
2
What is the remainder when 125 is divided by 61?
3
What is the remainder when 173 is divided by 35?
33
Calculate the remainder when 185 is divided by 48.
41
Calculate the remainder when 36 is divided by 28.
8
Calculate the remainder when 712 is divided by 119.
117
Calculate the remainder when 346 is divided by 301.
45
Calculate the remainder when 517 is divided by 218.
81
Calculate the remainder when 1227 is divided by 94.
5
Calculate the remainder when 1220 is divided by 6.
2
Calculate the remainder when 2729 is divided by 170.
9
Calculate the remainder when 658 is divided by 15.
13
What is the remainder when 87 is divided by 22?
21
What is the remainder when 210 is divided by 206?
4
What is the remainder when 945 is divided by 95?
90
Calculate the remainder when 2832 is divided by 79.
67
What is the remainder when 344 is divided by 177?
167
What is the remainder when 3617 is divided by 259?
250
Calculate the remainder when 204 is divided by 41.
40
Calculate the remainder when 202 is divided by 71.
60
What is the remainder when 179 is divided by 45?
44
Calculate the remainder when 331 is divided by 48.
43
Calculate the remainder when 234 is divided by 78.
0
What is the remainder when 282 is divided by 188?
94
What is the remainder when 344 is divided by 110?
14
What is the remainder when 411 is divided by 42?
33
What is the remainder when 2298 is divided by 92?
90
What is the remainder when 110 is divided by 45?
20
What is the remainder when 2407 is divided by 86?
85
Calculate the remainder when 941 is divided by 40.
21
What is the remainder when 87 is divided by 68?
19
Calculate the remainder when 157 is divided by 44.
25
What is the remainder when 2879 is divided by 263?
249
Calculate the remainder when 186 is divided by 40.
26
What is the remainder when 208 is divided by 70?
68
What is the remainder when 382 is divided by 35?
32
Calculate the remainder when 204 is divided by 61.
21
What is the remainder when 673 is divided by 27?
25
Calculate the remainder when 133 is divided by 17.
14
What is the remainder when 592 is divided by 196?
4
Calculate the remainder when 7268 is divided by 24.
20
Calculate the remainder when 626 is divided by 17.
14
What is the remainder when 710 is divided by 7?
3
What is the remainder when 921 is divided by 13?
11
What is the remainder when 226 is divided by 58?
52
What is the remainder when 1595 is divided by 34?
31
What is the remainder when 42 is divided by 18?
6
Calculate the remainder when 91 is divided by 49.
42
What is the remainder when 555 is divided by 112?
107
Calculate the remainder when 108 is divided by 66.
42
What is the remainder when 144 is divided by 29?
28
What is the remainder when 335 is divided by 110?
5
Calculate the remainder when 383 is divided by 30.
23
Calculate the remainder when 80 is divided by 44.
36
What is the remainder when 183 is divided by 44?
7
What is the remainder when 20286 is divided by 27?
9
Calculate the remainder when 762 is divided by 45.
42
Calculate the remainder when 942 is divided by 118.
116
What is the remainder when 1210 is divided by 75?
10
What is the remainder when 6418 is divided by 7?
6
What is the remainder when 75 is divided by 51?
24
Calculate the remainder when 723 is divided by 242.
239
What is the remainder when 75363 is divided by 83?
82
What is the remainder when 145 is divided by 19?
12
What is the remainder when 169 is divided by 20?
9
What is the remainder when 120 is divided by 29?
4
What is the remainder when 627 is divided by 32?
19
What is the remainder when 181 is divided by 7?
6
What is the remainder when 1705 is divided by 122?
119
Calculate the remainder when 2859 is divided by 44.
43
What is the remainder when 2495 is divided by 67?
16
What is the remainder when 4825 is divided by 210?
205
What is the remainder when 17053 is divided by 52?
49
What is the remainder when 716 is divided by 37?
13
What is the remainder when 468 is divided by 203?
62
What is the remainder when 7172 is divided by 35?
32
Calculate the remainder when 2063 is divided by 1028.
7
Calculate the remainder when 218 is divided by 95.
28
Calculate the remainder when 374 is divided by 14.
10
What is the remainder when 460 is divided by 45?
10